{"version":"1.0","provider_name":"Forte da Barra","provider_url":"https:\/\/fortedabarra.pt","author_name":"admin","author_url":"https:\/\/fortedabarra.pt\/index.php\/author\/admin-forte\/","title":"AM + PM requalifica Forte da Barra de Aveiro - vidaimobiliaria.com - Forte da Barra","type":"rich","width":600,"height":338,"html":"<blockquote class=\"wp-embedded-content\" data-secret=\"oIvh8Y975e\"><a href=\"https:\/\/fortedabarra.pt\/index.php\/2020\/10\/30\/am-pm-forte-barra-vidaimobiliaria\/\">AM + PM requalifica Forte da Barra de Aveiro &#8211; vidaimobiliaria.com<\/a><\/blockquote><iframe sandbox=\"allow-scripts\" security=\"restricted\" src=\"https:\/\/fortedabarra.pt\/index.php\/2020\/10\/30\/am-pm-forte-barra-vidaimobiliaria\/embed\/#?secret=oIvh8Y975e\" width=\"600\" height=\"338\" title=\"&#8220;AM + PM requalifica Forte da Barra de Aveiro &#8211; vidaimobiliaria.com&#8221; &#8212; Forte da Barra\" data-secret=\"oIvh8Y975e\" frameborder=\"0\" marginwidth=\"0\" marginheight=\"0\" scrolling=\"no\" class=\"wp-embedded-content\"><\/iframe><script>\n\/*! This file is auto-generated *\/\n!function(d,l){\"use strict\";l.querySelector&&d.addEventListener&&\"undefined\"!=typeof URL&&(d.wp=d.wp||{},d.wp.receiveEmbedMessage||(d.wp.receiveEmbedMessage=function(e){var t=e.data;if((t||t.secret||t.message||t.value)&&!\/[^a-zA-Z0-9]\/.test(t.secret)){for(var s,r,n,a=l.querySelectorAll('iframe[data-secret=\"'+t.secret+'\"]'),o=l.querySelectorAll('blockquote[data-secret=\"'+t.secret+'\"]'),c=new RegExp(\"^https?:$\",\"i\"),i=0;i<o.length;i++)o[i].style.display=\"none\";for(i=0;i<a.length;i++)s=a[i],e.source===s.contentWindow&&(s.removeAttribute(\"style\"),\"height\"===t.message?(1e3<(r=parseInt(t.value,10))?r=1e3:~~r<200&&(r=200),s.height=r):\"link\"===t.message&&(r=new URL(s.getAttribute(\"src\")),n=new URL(t.value),c.test(n.protocol))&&n.host===r.host&&l.activeElement===s&&(d.top.location.href=t.value))}},d.addEventListener(\"message\",d.wp.receiveEmbedMessage,!1),l.addEventListener(\"DOMContentLoaded\",function(){for(var e,t,s=l.querySelectorAll(\"iframe.wp-embedded-content\"),r=0;r<s.length;r++)(t=(e=s[r]).getAttribute(\"data-secret\"))||(t=Math.random().toString(36).substring(2,12),e.src+=\"#?secret=\"+t,e.setAttribute(\"data-secret\",t)),e.contentWindow.postMessage({message:\"ready\",secret:t},\"*\")},!1)))}(window,document);\n\/\/# sourceURL=https:\/\/fortedabarra.pt\/wp-includes\/js\/wp-embed.min.js\n<\/script>\n","thumbnail_url":"https:\/\/fortedabarra.pt\/wp-content\/uploads\/2023\/08\/IMG_6396.jpg","thumbnail_width":1000,"thumbnail_height":667,"description":"Concess\u00e3o do Forte da Barra de Aveiro, s\u00e9culo XVII, para explora\u00e7\u00e3o tur\u00edstica por 50 anos, renda anual de 6.500 euros. Programa Revive contempla 22 im\u00f3veis, j\u00e1 com 18 concess\u00f5es adjudicadas, representando significativo investimento estatal."}

Concessão do Forte da Barra de Aveiro, século XVII, para exploração turística por 50 anos, renda anual de 6.500 euros. Programa Revive contempla 22 imóveis, já com 18 concessões adjudicadas, representando significativo investimento estatal.
